in base 11?
-199a
What is 1323 (base 8) in base 16?
2d3
Convert 1020200222 (base 3) to base 6.
305425
-7523 (base 14) to base 5
-1121334
What is 12849 (base 11) in base 9?
27120
-11650 (base 8) to base 15
-1757
114321 (base 5) to base 15
1441
Convert 211432 (base 5) to base 12.
4151
-2710 (base 16) to base 10
-10000
Convert 202322 (base 4) to base 14.
b58
Convert -1384 (base 9) to base 14.
-54c
What is 2201 (base 4) in base 13?
c5
Convert -1686 (base 14) to base 5.
-112123
-83b6 (base 14) to base 11
-16067
What is -859 (base 11) in base 13?
-615
Convert -122303 (base 5) to base 15.
-15d8
12578 (base 11) to base 13
8261
Convert -32 (base 4) to base 11.
-13
-17431 (base 8) to base 16
-1f19
What is 11110111 (base 2) in base 3?
100011
-1640 (base 7) to base 3
-220122
Convert -101111100000111 (base 2) to base 14.
-8c19
7220 (base 11) to base 9
14125
What is -2220202 (base 3) in base 2?
-100001001110
Convert -28140 (base 9) to base 10.
-19071
What is -452 (base 7) in base 13?
-14c
-15473 (base 10) to base 8
-36161
What is -47803 (base 9) in base 3?
-1121220010
-1022120101 (base 3) to base 12
-1300a
What is -212 (base 4) in base 6?
-102
What is -16224 (base 8) in base 10?
-7316
9e47 (base 15) to base 3
1201002011
Convert -5b8 (base 16) to base 5.
-21324
What is 35423 (base 7) in base 11?
6951
What is 451525 (base 6) in base 8?
112155
-269 (base 14) to base 10
-485
What is 711 (base 14) in base 9?
1811
Convert -101220112 (base 3) to base 8.
-17420
What is 1162 (base 7) in base 4?
12310
Convert 804 (base 10) to base 4.
30210
What is 548 (base 11) in base 16?
291
Convert 110102 (base 3) to base 11.
285
Convert 354 (base 7) to base 13.
114
What is 334044 (base 5) in base 10?
11774
-2bb2 (base 15) to base 14
-35cc
Convert 1a3d (base 16) to base 11.
5057
-66 (base 13) to base 9
-103
Convert -12112101 (base 3) to base 5.
-112113
Convert 546 (base 11) to base 5.
10110
Convert -1101111 (base 4) to base 14.
-1c7b
Convert 165004 (base 7) to base 6.
412244
Convert -11001011111001 (base 2) to base 12.
-7675
What is 1c8 (base 14) in base 7?
1041
What is 224aa (base 11) in base 3?
1122122111
34826 (base 9) to base 13
a791
16344 (base 9) to base 11
8479
What is -74b (base 12) in base 2?
-10000101011
1121 (base 7) to base 6
1515
What is -1506 (base 11) in base 16?
-796
What is -2112210 (base 4) in base 8?
-22644
50440 (base 6) to base 16
19f8
-11510 (base 6) to base 12
-b96
-4764a (base 11) to base 4
-100300311
Convert 4863 (base 9) to base 2.
111000100101
-257 (base 14) to base 7
-1240
What is -201122112 (base 3) in base 8?
-33764
Convert -52614 (base 7) to base 14.
-4a44
What is -9572 (base 10) in base 16?
-2564
-210b (base 13) to base 11
-3489
-3827 (base 10) to base 6
-25415
What is 11001111000110 (base 2) in base 14?
4b8a
Convert -17040 (base 8) to base 10.
-7712
22103 (base 5) to base 14
7b2
Convert 401 (base 7) to base 15.
d2
-1000211200 (base 3) to base 5
-1122140
-431 (base 5) to base 4
-1310
-1592 (base 11) to base 16
-7f5
What is 55a (base 11) in base 4?
22132
What is 438 (base 15) in base 2?
1110111001
Convert -10013013 (base 4) to base 9.
-25080
2102123 (base 4) to base 10
9371
Convert -110523 (base 7) to base 3.
-222201010
Convert 88bc (base 14) to base 9.
35437
What is -22113 (base 4) in base 2?
-1010010111
2547 (base 10) to base 5
40142
What is 191 (base 12) in base 4?
3331
What is -184 (base 11) in base 5?
-1323
Convert -2205 (base 12) to base 4.
-322211
-1458a (base 11) to base 3
-1001100111
What is -15f9 (base 16) in base 15?
-1a00
-7953 (base 10) to base 9
-11816
Convert -395 (base 11) to base 8.
-723
13cc2 (base 14) to base 2
1100000000010010
Convert 2111 (base 5) to base 13.
188
What is -11243 (base 6) in base 4?
-121023
What is -30215 (base 6) in base 9?
-5402
What is -813 (base 10) in base 14?
-421
-5495 (base 12) to base 8
-22161
Convert -10123 (base 7) to base 16.
-9a3
Convert 19b (base 13) to base 4.
10221
Convert -929 (base 10) to base 12.
-655
What is -160 (base 8) in base 5?
-422
What is -344144 (base 5) in base 16?
-3088
Convert -7d (base 16) to base 11.
-104
What is -32217 (base 8) in base 11?
-a122
Convert 6bb (base 15) to base 16.
5f6
-165 (base 10) to base 11
-140
Convert 285 (base 13) to base 12.
313
2000003 (base 4) to base 8
20003
Convert -240004 (base 6) to base 3.
-1001110011
What is -570 (base 8) in base 13?
-22c
885a (base 14) to base 2
101110000110000
Convert 17a (base 16) to base 10.
378
Convert 43534 (base 7) to base 10.
10903
Convert -13a49 (base 12) to base 7.
-142635
Convert -1020 (base 16) to base 9.
-5586
What is -21224 (base 5) in base 8?
-2637
Convert 66f (base 16) to base 11.
1268
-705 (base 8) to base 5
-3303
What is 11407 (base 8) in base 2?
1001100000111
What is 4224 (base 11) in base 16?
15d8
What is 1324 (base 7) in base 3?
200211
What is -c13f (base 16) in base 15?
-e9d1
1809 (base 15) to base 3
21010000
What is -210010010 (base 3) in base 10?
-15393
Convert 10071 (base 9) to base 6.
50401
Convert -10684 (base 12) to base 16.
-54c4
Convert -12705 (base 9) to base 16.
-218f
What is -552 (base 9) in base 12?
-318
What is 99a (base 14) in base 9?
2541
What is 14647 (base 10) in base 14?
54a3
Convert 2dc (base 16) to base 11.
606
100c (base 15) to base 13
1707
Convert -8720 (base 14) to base 16.
-5b38
1010001100 (base 2) to base 12
464
What is -267 (base 9) in base 16?
-df
Convert 40d (base 15) to base 16.
391
32480 (base 9) to base 3
1002112200
-1000011111100111 (base 2) to base 8
-103747
What is -30050 (base 8) in base 10?
-12328
-232 (base 4) to base 9
-51
-623 (base 15) to base 8
-2547
What is -21cb (base 13) in base 12?
-28a2
Convert -2115 (base 10) to base 6.
-13443
120030 (base 6) to base 5
313021
Convert -51624 (base 8) to base 13.
-997b
Convert 106032 (base 7) to base 15.
58e3
Convert -10506 (base 10) to base 7.
-42426
431 (base 7) to base 16
da
6b6 (base 16) to base 7
5003
Convert 3a8 (base 11) to base 6.
2121
-123444 (base 5) to base 7
-20132
What is 120121012 (base 3) in base 10?
11372
What is -13b80 (base 15) in base 11?
-43657
Convert 1ff (base 16) to base 4.
13333
-1112 (base 12) to base 16
-75e
12219 (base 10) to base 6
132323
Convert 7939 (base 11) to base 16.
28d0
Convert 111001000110111 (base 2) to base 3.
1111002221
-14055 (base 6) to base 2
-100010010011
Convert 411100 (base 5) to base 8.
31733
Convert 1863 (base 11) to base 4.
211000
What is -140422 (base 6) in base 7?
-53150
1a8cd (base 14) to base 15
15070
Convert 1064 (base 12) to base 14.
92c
110220 (base 3) to base 10
348
15354 (base 7) to base 3
12220100
-1ab (base 13) to base 9
-374
What is -18f4 (base 16) in base 14?
-2484
What is 34 (base 12) in base 10?
40
What is 1743 (base 15) in base 14?
1b81
Convert 10020101 (base 3) to base 13.
10c6
101623 (base 8) to base 4
20032103
-519 (base 10) to base 16
-207
20313 (base 4) to base 14
2c7
9987 (base 14) to base 6
323015
14610 (base 10) to base 15
44e0
Convert 11632 (base 9) to base 8.
17175
611 (base 7) to base 3
102012
2010220 (base 3) to base 2
11000011011
What is 15d (base 15) in base 4?
10321
-6c6 (base 13) to base 7
-3300
Convert -110100 (base 2) to base 4.
-310
-1817 (base 12) to base 14
-10b1
What is 4a0 (base 15) in base 12?
736
What is 3100 (base 4) in base 3?
21201
3a0 (base 13) to base 11
52a
Convert 6bb (base 12) to base 11.
836
14338 (base 11) to base 2
100111110010001
Convert -46312 (base 10) to base 6.
-554224
What is -7a8 (base 12) in base 5?
-14021
101010100100 (base 2) to base 15
c19
51a (base 14) to base 8
1754
What is -1221111 (base 4) in base 16?
-1a55
Convert 10010111011000 (base 2) to base 8.
22730
What is -29 (base 15) in base 12?
-33
What is 112011021 (base 4) in base 7?
524451
Convert cd (base 16) to base 3.
21121
What is 10540 (base 12) in base 5?
1142004
Convert 110110001 (base 2) to base 11.
364
Convert -135453 (base 6) to base 9.
-18646
What is -1c81 (base 15) in base 10?
-6196
-8c8 (base 14) to base 2
-11011010000
What is 19bc (base 14) in base 8?
11102
What is 230 (base 15) in base 3?
200100
What is -113051 (base 7) in base 15?
-6018
What is -11832 (base 12) in base 10?
-23654
What is 543 (base 7) in base 9?
336
-212002220 (base 3) to base 7
-100053
What is 94 (base 10) in base 16?
5e
What is -153a (base 12) in base 7?
-10162
Convert 385 (base 9) to ba